te the remainder when 33 is divided by l.
7
Suppose 848 - 836 = 3*z, -4*a - z + 71272 = 0. What is the remainder when a is divided by 20?
17
Suppose -5*k + 40 = j, 3*j - 4*k - 123 + 3 = 0. Suppose -4*b - i + j = -3*i, 0 = -5*b - 3*i + 28. Calculate the remainder when 22 is divided by b.
6
Suppose 0*s - s - 213 = 2*x, 3*x - 3*s = -306. Let k = -77 - x. Suppose 2*w + 14 - 34 = 0. Calculate the remainder when k is divided by w.
8
Suppose 2*o + 1824 = 5*l, 338 = 2*l + 3*o - 403. What is the remainder when l is divided by 31?
25
Let v = -77 - -75. Let c(a) = -6*a**2 - 12*a + 2. Suppose 4*i + 12 = -0*w + 3*w, 5*i = -5*w + 20. Calculate the remainder when w is divided by c(v).
0
What is the remainder when 7290 is divided by (-1)/((-201)/(-51) - 4)?
14
Suppose 3*n + 4*r + 34 = 0, -4*n - 4*r - 20 = 32. Let b(y) = -y**2 - 19*y + 30. What is the remainder when 143 is divided by b(n)?
47
Let v = -7591 + 8316. Calculate the remainder when v is divided by 163.
73
Let i = 28643 - 28582. Let k = -93 + 138. Suppose -3*v + 3 = -k. What is the remainder when i is divided by v?
13
Suppose j + 0*j - 5 = 0. Let h = -37 + 52. Let v = 24 - h. What is the remainder when v is divided by j?
4
Suppose -m - 2*o - 3 = 0, 5*m + 8*o - 3*o + 5 = 0. What is the remainder when (m/4)/(7 + 28809/(-4116)) is divided by 15?
13
What is the remainder when 8838/10 + (-26)/(-3380)*26 is divided by 128?
116
Let d = 12832 + -12689. Calculate the remainder when 2007 is divided by d.
5
Let f(v) = v**3 + 4*v**2 - 8*v - 6. Let r be f(-5). Let x be (-30)/r*12/15*-57. Suppose u + u = x. What is the remainder when u is divided by 20?
16
Suppose 17*n = 15*n. Suppose n*f = -f + 95. Let s(o) = 20*o**2 - 3*o + 4. Calculate the remainder when f is divided by s(1).
11
Suppose -69 + 969 = 9*g. Calculate the remainder when 316 is divided by g.
16
Suppose -2*b + 3*r + 155 = 0, 305 = 4*b - 0*b - r. Let c = b + -56. Let o = c + 14. Calculate the remainder when o is divided by 6.
4
Let p = -386 - -394. Suppose p*i - 173 = 11. Let t = -30 - -43. What is the remainder when i is divided by t?
10
Let o = 163 - 115. Let d = o + -45. Calculate the remainder when (53/2)/(d/6) is divided by 21.
11
Suppose -5*t - s - 93 = 105, -4*t = -2*s + 164. Suppose 0 = -107*m + 105*m + 32. Calculate the remainder when m is divided by t/6*9/(-6).
6
Suppose 4 = a + 1. Let l be 190 + (5/3 - a/(-9)). Suppose 0 = 3*g - 11*g + l. Calculate the remainder when 93 is divided by g.
21
What is the remainder when 4 + (-9)/72*-568 is divided by 36?
3
Let d = -14316 - -14393. What is the remainder when 3554 is divided by d?
12
Suppose 3*f - 22896 = 16965. What is the remainder when f is divided by 11?
10
Suppose -1 = -4*t + 3. Let o = -26 + 25. Calculate the remainder when -2 - (o - t)*15/5 is divided by 2.
0
Suppose 622 + 193 = 8*x - 337. What is the remainder when x is divided by 80?
64
Suppose 0 = 21*a - 646 - 299. Suppose a = 5*c - 4*c. What is the remainder when c is divided by 6/18 + 136/6?
22
Let v(f) = 21*f**2 - 13*f**2 + 6*f - 7 - 4*f**2. Let z be v(4). Suppose 0 = 5*t + 3*k - z, 3*t - 7*t + 69 = k. What is the remainder when 105 is divided by t?
15
Suppose 5*w + 42 = -z, -3*z + 4*w - 70 = 18. Suppose -325 = -19*t + 473. Let f = t + z. What is the remainder when f is divided by 7?
3
Let s = 7539 - 7324. Calculate the remainder when 21284 is divided by s.
214
Let z(v) = 221*v + 1585. Let j = 7 - 21. Let m = 6 - j. What is the remainder when z(-7) is divided by m?
18
Let l = 0 + 5. Let u(j) = 5*j - 5. Suppose -5*d = 3*r - 191, 0 = r + 3*d - 91 + 22. Calculate the remainder when r is divided by u(l).
17
Let z = 3844 + -3311. Calculate the remainder when z is divided by 88.
5
Suppose -j = -c + 848, -14*c = -15*c - 4*j + 843. What is the remainder when c is divided by 25?
22
Let f = 160 - -198. Suppose -f*n = -364*n + 108. Calculate the remainder when 118 is divided by n.
10
Let r(z) = -z**3 + 7*z**2 + 32*z - 10. What is the remainder when r(-7) is divided by 14?
4
Suppose 94*p = 5*a + 92*p - 11311, -6*a = -p - 13562. Calculate the remainder when a is divided by 748.
15
Suppose -14 = -c - 3*a, -c + 85 - 63 = a. Calculate the remainder when 309 is divided by c.
23
Suppose -175*x + 499867 + 323372 = 32*x. Calculate the remainder when x is divided by 83.
76
Suppose 8*j + 15939 = 169*j + 1288. Calculate the remainder when j is divided by ((-1)/(-3))/((-2)/(-228)).
15
Suppose 5*m + 200 = 2*k, 5*k = 2*k + 2*m + 322. What is the remainder when k is divided by (12/(-4))/3 + 39?
34
Let w(o) be the second derivative of o**3/3 - 3*o**2 - 8*o. Let a be w(4). Calculate the remainder when (-3)/(3/(-71)) - a is divided by 24.
21
Suppose -2*z - 172 = -2*q - 6, 5*z + 169 = 2*q. Let b = -48 + q. Suppose -10*s = 1281 - 1421. What is the remainder when b is divided by s?
6
Let c = -121 - -51. Let m = 74 + c. Suppose 3*p + 135 = 5*q, -4 + 24 = -m*p. Calculate the remainder when 62 is divided by q.
14
Suppose -4*n + l + 653 = 0, 5*n - 829 = -18*l + 15*l. What is the remainder when n is divided by 14?
10
Let s = 326 + -322. Suppose -658 = -t - p, -3*p = s*t - 5*t + 662. Calculate the remainder when t is divided by 44.
43
Suppose 0 = 8*m + 89 + 295. Let y be (29/(-3))/((-2)/18). Let k = m + y. Calculate the remainder when k is divided by 5.
4
Suppose 70 - 17 = u. Calculate the remainder when u is divided by 12/8 - (-15)/6.
1
Suppose -48*x - 464*x = 152*x - 12299936. What is the remainder when x is divided by 97?
94
Let g = 16567 - 16379. Calculate the remainder when g is divided by 29.
14
Suppose -i + 22 = 2*n - 0, -3*n = -i - 38. Let a(v) = 194*v + 36. Let b be a(1). Let j = b - 195. Calculate the remainder when j is divided by n.
11
Let b = 10233 + -6205. What is the remainder when b is divided by 130?
128
Let h(w) = w**3 - 12*w**2 + 5*w - 30. Let n be h(12). Suppose -11*x = -14 - n. What is the remainder when 7 is divided by x?
3
Let g = 1 + 6. Let a(c) = 1474*c + 42848. Calculate the remainder when a(-29) is divided by g.
4
Let r = -144 - -196. Suppose 47*g = r*g - 220. What is the remainder when g is divided by 3?
2
Suppose -2*v - s + 32 = 0, 5*v + 2*s = 104 - 24. Let t = -60 + 32. Let f = 37 + t. Calculate the remainder when v is divided by f.
7
Let k = -17254 + 24777. Calculate the remainder when k is divided by 209.
208
Let w(m) = -2*m**3 + 2*m**2 - 2*m - 2. Calculate the remainder when w(-4) is divided by (-1244)/(-52) - (-18)/234.
22
Let r(p) = 4*p**3 - 34*p**2 + 7*p - 43. Calculate the remainder when r(11) is divided by 31.
4
Let n = -2528 - -2645. What is the remainder when 355 is divided by n?
4
Let h(w) = -w**2 + 7*w - 13. Let r be h(16). Let y = r - -296. Let p = -90 + y. Calculate the remainder when p is divided by 10.
9
Let v = -3032 - -3180. Calculate the remainder when 387 is divided by v.
91
What is the remainder when 2/2*(21 + 3040) is divided by 33?
25
Suppose 220*c + 1267 = -677 + 8764. Let i be 0 - (-1)/((-2)/(-36)). Let r = i + 1. Calculate the remainder when c is divided by r.
12
Let j = 57 + 47. Suppose 97*n + 1358 = j*n. Let z = -69 - -118. Calculate the remainder when n is divided by z.
47
Suppose -5*a - 545*d + 604 = -547*d, d + 361 = 3*a. Suppose -4*h + h = 3*b - 93, -b - 37 = -h. What is the remainder when a is divided by h?
16
Suppose 10*a - 71 - 1419 = 0. Let m = 162 - a. What is the remainder when 27 is divided by (-12 + m)/((-2)/(-40)*2)?
7
Let p(b) = -11*b - 131. Let f be p(-11). Suppose -4*x - 5*c + 547 = 0, -118 = -2*x + x - 5*c. What is the remainder when x is divided by 6/(f - -4) + 50?
45
Let l(x) = x**3 + 5*x**2 - 31*x - 79. Calculate the remainder when 117 is divided by l(-7).
37
Calculate the remainder when 562 is divided by (1 + (-2 - 1) - -79)*(-197 + 198).
23
Let p = -35 - -54. Suppose -7*y - 9*y = 13*y - 3625. What is the remainder when y is divided by p?
11
Let s = -2 + 87. Suppose 3*i + 4*a - 3*a - s = 0, i + 5*a = 5. Suppose -7*v + 1056 = 223. Calculate the remainder when v is divided by i.
29
Suppose 5*u = -3*y - 108, -3*y + 132 = -6*u + u. Let h = 27 + u. Suppose -h*t - 5*q + 6 = -42, -t + 5 = -2*q. What is the remainder when 32 is divided by t?
10
Suppose 3*d - 22 + 1 = 0. Let l(h) = -100*h**3 + 4*h + 4. Let f be l(-1). What is the remainder when d is divided by 21/5 - 10*2/f?
3
Let x(d) = 26*d - 123.